{"id":1664,"date":"2026-01-04T23:03:38","date_gmt":"2026-01-04T23:03:38","guid":{"rendered":"https:\/\/ma-jolie-cire.com\/?post_type=product&#038;p=1664"},"modified":"2026-01-05T18:42:44","modified_gmt":"2026-01-05T18:42:44","slug":"bougie-baies-sauvages","status":"publish","type":"product","link":"https:\/\/ma-jolie-cire.com\/index.php\/product\/bougie-baies-sauvages\/","title":{"rendered":"Bougie Baies Sauvages"},"content":{"rendered":"<p>Parfum\u00a0:<\/p>\n<p>Famille olfactive : Fruit\u00e9e<br \/>\nNotes de t\u00eate : Citron, n\u00e9roli<br \/>\nNotes de c\u0153ur : Fraise, framboise<br \/>\nNotes de fond : Vanille, cr\u00e8me br\u00fbl\u00e9e<\/p>\n<p>Ingr\u00e9dient\u00a0:<\/p>\n<p>-Cire v\u00e9g\u00e9tale, sans OGM, Cruelty Free, Vegan Friendly<br \/>\n-M\u00e8che en coton certifi\u00e9 OEKO-TEX<br \/>\n-Parfum de Grasse, sans CMR, sans phtalate, Cruelty Free, Vegan Friendly<\/p>\n<p>Conseil d\u2019utilisation\u00a0:<\/p>\n<p>Faites br\u00fbler votre bougie minimum 2 heures lors de la premi\u00e8re utilisation.<br \/>\nEnsuite, ne l\u2019allumez pas plus de 4h d\u2019affil\u00e9e.<br \/>\nLa m\u00e8che doit rester verticale et centr\u00e9e pour que la cire fonde de fa\u00e7on homog\u00e8ne.<\/p>\n<p>&nbsp;<\/p>\n<p>&nbsp;<\/p>\n","protected":false},"excerpt":{"rendered":"<p>Bougie \u00e0 l\u2019odeur d\u00e9licate de fruits rouges.<br \/>\nBaies Sauvages vous enveloppe d\u2019un parfum fruit\u00e9 et gourmand.<\/p>\n<p>Les notes p\u00e9tillantes de citron et de n\u00e9roli ouvrent la fragrance avec fra\u00eecheur, avant de r\u00e9v\u00e9ler un c\u0153ur g\u00e9n\u00e9reux de fraise et de framboise.<\/p>\n<p>En fond, la douceur de la vanille et de la cr\u00e8me br\u00fbl\u00e9e apporte une touche cr\u00e9meuse et r\u00e9confortante.<\/p>\n<p>Une senteur chaleureuse et lumineuse, parfaite pour cr\u00e9er une ambiance douce, conviviale et d\u00e9licieusement parfum\u00e9e.<\/p>\n","protected":false},"featured_media":1665,"comment_status":"open","ping_status":"closed","template":"","meta":[],"product_brand":[],"product_cat":[27],"product_tag":[],"class_list":{"0":"post-1664","1":"product","2":"type-product","3":"status-publish","4":"has-post-thumbnail","6":"product_cat-bougie-gourmande","8":"first","9":"instock","10":"shipping-taxable","11":"purchasable","12":"product-type-simple"},"_links":{"self":[{"href":"https:\/\/ma-jolie-cire.com\/index.php\/wp-json\/wp\/v2\/product\/1664","targetHints":{"allow":["GET"]}}],"collection":[{"href":"https:\/\/ma-jolie-cire.com\/index.php\/wp-json\/wp\/v2\/product"}],"about":[{"href":"https:\/\/ma-jolie-cire.com\/index.php\/wp-json\/wp\/v2\/types\/product"}],"replies":[{"embeddable":true,"href":"https:\/\/ma-jolie-cire.com\/index.php\/wp-json\/wp\/v2\/comments?post=1664"}],"wp:featuredmedia":[{"embeddable":true,"href":"https:\/\/ma-jolie-cire.com\/index.php\/wp-json\/wp\/v2\/media\/1665"}],"wp:attachment":[{"href":"https:\/\/ma-jolie-cire.com\/index.php\/wp-json\/wp\/v2\/media?parent=1664"}],"wp:term":[{"taxonomy":"product_brand","embeddable":true,"href":"https:\/\/ma-jolie-cire.com\/index.php\/wp-json\/wp\/v2\/product_brand?post=1664"},{"taxonomy":"product_cat","embeddable":true,"href":"https:\/\/ma-jolie-cire.com\/index.php\/wp-json\/wp\/v2\/product_cat?post=1664"},{"taxonomy":"product_tag","embeddable":true,"href":"https:\/\/ma-jolie-cire.com\/index.php\/wp-json\/wp\/v2\/product_tag?post=1664"}],"curies":[{"name":"wp","href":"https:\/\/api.w.org\/{rel}","templated":true}]}}