{"id":1675,"date":"2026-01-04T23:23:51","date_gmt":"2026-01-04T23:23:51","guid":{"rendered":"https:\/\/ma-jolie-cire.com\/?post_type=product&#038;p=1675"},"modified":"2026-01-05T18:41:58","modified_gmt":"2026-01-05T18:41:58","slug":"bougie-fleur-de-soleil","status":"publish","type":"product","link":"https:\/\/ma-jolie-cire.com\/index.php\/product\/bougie-fleur-de-soleil\/","title":{"rendered":"Bougie Fleur de soleil\u00a0"},"content":{"rendered":"<p>Parfum\u00a0:<br \/>\nFamille olfactive : Fleuri, fruit\u00e9, coco, vanill\u00e9<br \/>\nNotes de t\u00eate : P\u00eache, fleur d\u2019oranger<br \/>\nNotes de c\u0153ur : Tiar\u00e9, rose<br \/>\nNotes de fond : Vanille, coconut<\/p>\n<p>Ingr\u00e9dient\u00a0:<\/p>\n<p>-Cire v\u00e9g\u00e9tale, sans OGM, Cruelty Free, Vegan Friendly<br \/>\n-M\u00e8che en coton certifi\u00e9 OEKO-TEX<br \/>\n-Parfum de Grasse, sans CMR, sans phtalate, Cruelty Free, Vegan Friendly<\/p>\n<p>Conseil d\u2019utilisation\u00a0:<\/p>\n<p>Faites br\u00fbler votre bougie minimum 2 heures lors de la premi\u00e8re utilisation.<br \/>\nEnsuite, ne l\u2019allumez pas plus de 4h d\u2019affil\u00e9e.<br \/>\nLa m\u00e8che doit rester verticale et centr\u00e9e pour que la cire fonde de fa\u00e7on homog\u00e8ne.<\/p>\n","protected":false},"excerpt":{"rendered":"<p>Bougie \u00e0 l\u2019odeur solaire et envo\u00fbtante, Fleur de Soleil d\u00e9voile une fragrance chaleureuse de mono\u00ef qui \u00e9voque les plages baign\u00e9es de lumi\u00e8re et les fleurs exotiques caress\u00e9es par le soleil.<\/p>\n<p>D\u00e8s les premi\u00e8res notes, son parfum floral et l\u00e9g\u00e8rement vanill\u00e9 enveloppe l\u2019espace d\u2019une sensation d\u2019\u00e9vasion et de bien-\u00eatre.<\/p>\n<p>Une senteur solaire et r\u00e9confortante, id\u00e9ale pour cr\u00e9er une atmosph\u00e8re chaleureuse, d\u00e9paysante et relaxante, parfaite pour prolonger l\u2019\u00e9t\u00e9 \u00e0 tout moment de l\u2019ann\u00e9e.<\/p>\n","protected":false},"featured_media":90,"comment_status":"open","ping_status":"closed","template":"","meta":[],"product_brand":[],"product_cat":[27],"product_tag":[],"class_list":{"0":"post-1675","1":"product","2":"type-product","3":"status-publish","4":"has-post-thumbnail","6":"product_cat-bougie-gourmande","8":"first","9":"onbackorder","10":"shipping-taxable","11":"purchasable","12":"product-type-simple"},"_links":{"self":[{"href":"https:\/\/ma-jolie-cire.com\/index.php\/wp-json\/wp\/v2\/product\/1675","targetHints":{"allow":["GET"]}}],"collection":[{"href":"https:\/\/ma-jolie-cire.com\/index.php\/wp-json\/wp\/v2\/product"}],"about":[{"href":"https:\/\/ma-jolie-cire.com\/index.php\/wp-json\/wp\/v2\/types\/product"}],"replies":[{"embeddable":true,"href":"https:\/\/ma-jolie-cire.com\/index.php\/wp-json\/wp\/v2\/comments?post=1675"}],"wp:featuredmedia":[{"embeddable":true,"href":"https:\/\/ma-jolie-cire.com\/index.php\/wp-json\/wp\/v2\/media\/90"}],"wp:attachment":[{"href":"https:\/\/ma-jolie-cire.com\/index.php\/wp-json\/wp\/v2\/media?parent=1675"}],"wp:term":[{"taxonomy":"product_brand","embeddable":true,"href":"https:\/\/ma-jolie-cire.com\/index.php\/wp-json\/wp\/v2\/product_brand?post=1675"},{"taxonomy":"product_cat","embeddable":true,"href":"https:\/\/ma-jolie-cire.com\/index.php\/wp-json\/wp\/v2\/product_cat?post=1675"},{"taxonomy":"product_tag","embeddable":true,"href":"https:\/\/ma-jolie-cire.com\/index.php\/wp-json\/wp\/v2\/product_tag?post=1675"}],"curies":[{"name":"wp","href":"https:\/\/api.w.org\/{rel}","templated":true}]}}